{"id":1331,"date":"2016-04-07T13:34:51","date_gmt":"2016-04-07T12:34:51","guid":{"rendered":"http:\/\/preview.eurotrail.info\/wp\/producten\/beschermhoes-ducato\/?lang=de"},"modified":"2017-01-23T15:05:58","modified_gmt":"2017-01-23T14:05:58","slug":"beschermhoes-ducato","status":"publish","type":"product","link":"https:\/\/eurotrail.info\/de\/producten\/schutzhuelle\/caravan-beschermhoezen-de\/beschermhoes-ducato\/","title":{"rendered":"Schutzh\u00fclle f\u00fcr Kastenwagen"},"content":{"rendered":"<p>Schutzhaube f\u00fcr Kastenwagen.<\/p>\n<p>Universelle Schutzhaube f\u00fcr Kastenwagen mit einer L\u00e4nge von 600cm und 640cm. (Model Ducato)<\/p>\n<p>Das hochwertige 160 gr\/m2\u00a0<span class=\"hiddenSpellError\">SFS<\/span>-3 Material ist 3-<span class=\"hiddenSpellError\">lagig<\/span>, Wasser abweisend und Atmungsaktiv.<\/p>\n<p>Wirt komplett in einer Aufbewahrungstasche inkl. Abspannlaschen und Reparaturset geliefert. Durch \u00a0Rei\u00dfverschl\u00fcss last sich die rechte Seite offenen und erm\u00f6glicht somit das Eintreten in jeden Fahrzug durch die Eingangstor.<\/p>\n<p>Farbe: Grau<\/p>\n","protected":false},"excerpt":{"rendered":"<p>Schutzhaube f\u00fcr Kastenwagen. Universelle Schutzhaube f\u00fcr Kastenwagen mit einer L\u00e4nge von 600cm und 640cm. (Model Ducato) Das hochwertige 160 gr\/m2\u00a0SFS-3 Material ist 3-lagig, Wasser abweisend&hellip;<\/p>\n","protected":false},"featured_media":1332,"comment_status":"open","ping_status":"closed","template":"","meta":{"_acf_changed":false},"product_brand":[],"product_cat":[61],"product_tag":[],"class_list":{"0":"post-1331","1":"product","2":"type-product","3":"status-publish","4":"has-post-thumbnail","6":"product_cat-caravan-beschermhoezen-de","8":"first","9":"instock","10":"shipping-taxable","11":"product-type-simple"},"acf":[],"yoast_head":"<!-- This site is optimized with the Yoast SEO plugin v27.5 - https:\/\/yoast.com\/product\/yoast-seo-wordpress\/ -->\n<title>Schutzh\u00fclle f\u00fcr Kastenwagen - Eurotrail<\/title>\n<meta name=\"robots\" content=\"index, follow, max-snippet:-1, max-image-preview:large, max-video-preview:-1\" \/>\n<link rel=\"canonical\" href=\"https:\/\/eurotrail.info\/de\/producten\/schutzhuelle\/caravan-beschermhoezen-de\/beschermhoes-ducato\/\" \/>\n<meta property=\"og:locale\" content=\"de_DE\" \/>\n<meta property=\"og:type\" content=\"article\" \/>\n<meta property=\"og:title\" content=\"Schutzh\u00fclle f\u00fcr Kastenwagen - Eurotrail\" \/>\n<meta property=\"og:description\" content=\"Schutzhaube f\u00fcr Kastenwagen. Universelle Schutzhaube f\u00fcr Kastenwagen mit einer L\u00e4nge von 600cm und 640cm. (Model Ducato) Das hochwertige 160 gr\/m2\u00a0SFS-3 Material ist 3-lagig, Wasser abweisend&hellip;\" \/>\n<meta property=\"og:url\" content=\"https:\/\/eurotrail.info\/de\/producten\/schutzhuelle\/caravan-beschermhoezen-de\/beschermhoes-ducato\/\" \/>\n<meta property=\"og:site_name\" content=\"Eurotrail\" \/>\n<meta property=\"article:modified_time\" content=\"2017-01-23T14:05:58+00:00\" \/>\n<meta property=\"og:image\" content=\"https:\/\/eurotrail.info\/wp\/wp-content\/uploads\/2016\/04\/ETCC0506-Buscover-Side-front.jpg\" \/>\n\t<meta property=\"og:image:width\" content=\"1772\" \/>\n\t<meta property=\"og:image:height\" content=\"1177\" \/>\n\t<meta property=\"og:image:type\" content=\"image\/jpeg\" \/>\n<meta name=\"twitter:card\" content=\"summary_large_image\" \/>\n<script type=\"application\/ld+json\" class=\"yoast-schema-graph\">{\"@context\":\"https:\\\/\\\/schema.org\",\"@graph\":[{\"@type\":\"WebPage\",\"@id\":\"https:\\\/\\\/eurotrail.info\\\/de\\\/producten\\\/schutzhuelle\\\/caravan-beschermhoezen-de\\\/beschermhoes-ducato\\\/\",\"url\":\"https:\\\/\\\/eurotrail.info\\\/de\\\/producten\\\/schutzhuelle\\\/caravan-beschermhoezen-de\\\/beschermhoes-ducato\\\/\",\"name\":\"Schutzh\u00fclle f\u00fcr Kastenwagen - Eurotrail\",\"isPartOf\":{\"@id\":\"https:\\\/\\\/eurotrail.info\\\/#website\"},\"primaryImageOfPage\":{\"@id\":\"https:\\\/\\\/eurotrail.info\\\/de\\\/producten\\\/schutzhuelle\\\/caravan-beschermhoezen-de\\\/beschermhoes-ducato\\\/#primaryimage\"},\"image\":{\"@id\":\"https:\\\/\\\/eurotrail.info\\\/de\\\/producten\\\/schutzhuelle\\\/caravan-beschermhoezen-de\\\/beschermhoes-ducato\\\/#primaryimage\"},\"thumbnailUrl\":\"https:\\\/\\\/eurotrail.info\\\/wp\\\/wp-content\\\/uploads\\\/2016\\\/04\\\/ETCC0506-Buscover-Side-front.jpg\",\"datePublished\":\"2016-04-07T12:34:51+00:00\",\"dateModified\":\"2017-01-23T14:05:58+00:00\",\"breadcrumb\":{\"@id\":\"https:\\\/\\\/eurotrail.info\\\/de\\\/producten\\\/schutzhuelle\\\/caravan-beschermhoezen-de\\\/beschermhoes-ducato\\\/#breadcrumb\"},\"inLanguage\":\"de\",\"potentialAction\":[{\"@type\":\"ReadAction\",\"target\":[\"https:\\\/\\\/eurotrail.info\\\/de\\\/producten\\\/schutzhuelle\\\/caravan-beschermhoezen-de\\\/beschermhoes-ducato\\\/\"]}]},{\"@type\":\"ImageObject\",\"inLanguage\":\"de\",\"@id\":\"https:\\\/\\\/eurotrail.info\\\/de\\\/producten\\\/schutzhuelle\\\/caravan-beschermhoezen-de\\\/beschermhoes-ducato\\\/#primaryimage\",\"url\":\"https:\\\/\\\/eurotrail.info\\\/wp\\\/wp-content\\\/uploads\\\/2016\\\/04\\\/ETCC0506-Buscover-Side-front.jpg\",\"contentUrl\":\"https:\\\/\\\/eurotrail.info\\\/wp\\\/wp-content\\\/uploads\\\/2016\\\/04\\\/ETCC0506-Buscover-Side-front.jpg\",\"width\":1772,\"height\":1177,\"caption\":\"Schutzhaube f\u00fcr Kastenwagen.\"},{\"@type\":\"BreadcrumbList\",\"@id\":\"https:\\\/\\\/eurotrail.info\\\/de\\\/producten\\\/schutzhuelle\\\/caravan-beschermhoezen-de\\\/beschermhoes-ducato\\\/#breadcrumb\",\"itemListElement\":[{\"@type\":\"ListItem\",\"position\":1,\"name\":\"Home\",\"item\":\"https:\\\/\\\/eurotrail.info\\\/de\\\/\"},{\"@type\":\"ListItem\",\"position\":2,\"name\":\"Produkte\",\"item\":\"https:\\\/\\\/eurotrail.info\\\/de\\\/produkte\\\/\"},{\"@type\":\"ListItem\",\"position\":3,\"name\":\"Schutzh\u00fclle f\u00fcr Kastenwagen\"}]},{\"@type\":\"WebSite\",\"@id\":\"https:\\\/\\\/eurotrail.info\\\/#website\",\"url\":\"https:\\\/\\\/eurotrail.info\\\/\",\"name\":\"Eurotrail\",\"description\":\"\",\"publisher\":{\"@id\":\"https:\\\/\\\/eurotrail.info\\\/#organization\"},\"potentialAction\":[{\"@type\":\"SearchAction\",\"target\":{\"@type\":\"EntryPoint\",\"urlTemplate\":\"https:\\\/\\\/eurotrail.info\\\/?s={search_term_string}\"},\"query-input\":{\"@type\":\"PropertyValueSpecification\",\"valueRequired\":true,\"valueName\":\"search_term_string\"}}],\"inLanguage\":\"de\"},{\"@type\":\"Organization\",\"@id\":\"https:\\\/\\\/eurotrail.info\\\/#organization\",\"name\":\"Eurotrail\",\"url\":\"https:\\\/\\\/eurotrail.info\\\/\",\"logo\":{\"@type\":\"ImageObject\",\"inLanguage\":\"de\",\"@id\":\"https:\\\/\\\/eurotrail.info\\\/#\\\/schema\\\/logo\\\/image\\\/\",\"url\":\"https:\\\/\\\/eurotrail.info\\\/wp\\\/wp-content\\\/uploads\\\/2023\\\/07\\\/ET-logo-quote_NL-scaled.jpg\",\"contentUrl\":\"https:\\\/\\\/eurotrail.info\\\/wp\\\/wp-content\\\/uploads\\\/2023\\\/07\\\/ET-logo-quote_NL-scaled.jpg\",\"width\":2560,\"height\":675,\"caption\":\"Eurotrail\"},\"image\":{\"@id\":\"https:\\\/\\\/eurotrail.info\\\/#\\\/schema\\\/logo\\\/image\\\/\"}}]}<\/script>\n<!-- \/ Yoast SEO plugin. -->","yoast_head_json":{"title":"Schutzh\u00fclle f\u00fcr Kastenwagen - Eurotrail","robots":{"index":"index","follow":"follow","max-snippet":"max-snippet:-1","max-image-preview":"max-image-preview:large","max-video-preview":"max-video-preview:-1"},"canonical":"https:\/\/eurotrail.info\/de\/producten\/schutzhuelle\/caravan-beschermhoezen-de\/beschermhoes-ducato\/","og_locale":"de_DE","og_type":"article","og_title":"Schutzh\u00fclle f\u00fcr Kastenwagen - Eurotrail","og_description":"Schutzhaube f\u00fcr Kastenwagen. Universelle Schutzhaube f\u00fcr Kastenwagen mit einer L\u00e4nge von 600cm und 640cm. (Model Ducato) Das hochwertige 160 gr\/m2\u00a0SFS-3 Material ist 3-lagig, Wasser abweisend&hellip;","og_url":"https:\/\/eurotrail.info\/de\/producten\/schutzhuelle\/caravan-beschermhoezen-de\/beschermhoes-ducato\/","og_site_name":"Eurotrail","article_modified_time":"2017-01-23T14:05:58+00:00","og_image":[{"width":1772,"height":1177,"url":"https:\/\/eurotrail.info\/wp\/wp-content\/uploads\/2016\/04\/ETCC0506-Buscover-Side-front.jpg","type":"image\/jpeg"}],"twitter_card":"summary_large_image","schema":{"@context":"https:\/\/schema.org","@graph":[{"@type":"WebPage","@id":"https:\/\/eurotrail.info\/de\/producten\/schutzhuelle\/caravan-beschermhoezen-de\/beschermhoes-ducato\/","url":"https:\/\/eurotrail.info\/de\/producten\/schutzhuelle\/caravan-beschermhoezen-de\/beschermhoes-ducato\/","name":"Schutzh\u00fclle f\u00fcr Kastenwagen - Eurotrail","isPartOf":{"@id":"https:\/\/eurotrail.info\/#website"},"primaryImageOfPage":{"@id":"https:\/\/eurotrail.info\/de\/producten\/schutzhuelle\/caravan-beschermhoezen-de\/beschermhoes-ducato\/#primaryimage"},"image":{"@id":"https:\/\/eurotrail.info\/de\/producten\/schutzhuelle\/caravan-beschermhoezen-de\/beschermhoes-ducato\/#primaryimage"},"thumbnailUrl":"https:\/\/eurotrail.info\/wp\/wp-content\/uploads\/2016\/04\/ETCC0506-Buscover-Side-front.jpg","datePublished":"2016-04-07T12:34:51+00:00","dateModified":"2017-01-23T14:05:58+00:00","breadcrumb":{"@id":"https:\/\/eurotrail.info\/de\/producten\/schutzhuelle\/caravan-beschermhoezen-de\/beschermhoes-ducato\/#breadcrumb"},"inLanguage":"de","potentialAction":[{"@type":"ReadAction","target":["https:\/\/eurotrail.info\/de\/producten\/schutzhuelle\/caravan-beschermhoezen-de\/beschermhoes-ducato\/"]}]},{"@type":"ImageObject","inLanguage":"de","@id":"https:\/\/eurotrail.info\/de\/producten\/schutzhuelle\/caravan-beschermhoezen-de\/beschermhoes-ducato\/#primaryimage","url":"https:\/\/eurotrail.info\/wp\/wp-content\/uploads\/2016\/04\/ETCC0506-Buscover-Side-front.jpg","contentUrl":"https:\/\/eurotrail.info\/wp\/wp-content\/uploads\/2016\/04\/ETCC0506-Buscover-Side-front.jpg","width":1772,"height":1177,"caption":"Schutzhaube f\u00fcr Kastenwagen."},{"@type":"BreadcrumbList","@id":"https:\/\/eurotrail.info\/de\/producten\/schutzhuelle\/caravan-beschermhoezen-de\/beschermhoes-ducato\/#breadcrumb","itemListElement":[{"@type":"ListItem","position":1,"name":"Home","item":"https:\/\/eurotrail.info\/de\/"},{"@type":"ListItem","position":2,"name":"Produkte","item":"https:\/\/eurotrail.info\/de\/produkte\/"},{"@type":"ListItem","position":3,"name":"Schutzh\u00fclle f\u00fcr Kastenwagen"}]},{"@type":"WebSite","@id":"https:\/\/eurotrail.info\/#website","url":"https:\/\/eurotrail.info\/","name":"Eurotrail","description":"","publisher":{"@id":"https:\/\/eurotrail.info\/#organization"},"potentialAction":[{"@type":"SearchAction","target":{"@type":"EntryPoint","urlTemplate":"https:\/\/eurotrail.info\/?s={search_term_string}"},"query-input":{"@type":"PropertyValueSpecification","valueRequired":true,"valueName":"search_term_string"}}],"inLanguage":"de"},{"@type":"Organization","@id":"https:\/\/eurotrail.info\/#organization","name":"Eurotrail","url":"https:\/\/eurotrail.info\/","logo":{"@type":"ImageObject","inLanguage":"de","@id":"https:\/\/eurotrail.info\/#\/schema\/logo\/image\/","url":"https:\/\/eurotrail.info\/wp\/wp-content\/uploads\/2023\/07\/ET-logo-quote_NL-scaled.jpg","contentUrl":"https:\/\/eurotrail.info\/wp\/wp-content\/uploads\/2023\/07\/ET-logo-quote_NL-scaled.jpg","width":2560,"height":675,"caption":"Eurotrail"},"image":{"@id":"https:\/\/eurotrail.info\/#\/schema\/logo\/image\/"}}]}},"_links":{"self":[{"href":"https:\/\/eurotrail.info\/de\/wp-json\/wp\/v2\/product\/1331","targetHints":{"allow":["GET"]}}],"collection":[{"href":"https:\/\/eurotrail.info\/de\/wp-json\/wp\/v2\/product"}],"about":[{"href":"https:\/\/eurotrail.info\/de\/wp-json\/wp\/v2\/types\/product"}],"replies":[{"embeddable":true,"href":"https:\/\/eurotrail.info\/de\/wp-json\/wp\/v2\/comments?post=1331"}],"wp:featuredmedia":[{"embeddable":true,"href":"https:\/\/eurotrail.info\/de\/wp-json\/wp\/v2\/media\/1332"}],"wp:attachment":[{"href":"https:\/\/eurotrail.info\/de\/wp-json\/wp\/v2\/media?parent=1331"}],"wp:term":[{"taxonomy":"product_brand","embeddable":true,"href":"https:\/\/eurotrail.info\/de\/wp-json\/wp\/v2\/product_brand?post=1331"},{"taxonomy":"product_cat","embeddable":true,"href":"https:\/\/eurotrail.info\/de\/wp-json\/wp\/v2\/product_cat?post=1331"},{"taxonomy":"product_tag","embeddable":true,"href":"https:\/\/eurotrail.info\/de\/wp-json\/wp\/v2\/product_tag?post=1331"}],"curies":[{"name":"wp","href":"https:\/\/api.w.org\/{rel}","templated":true}]}}

Schutzhülle für Kastenwagen

<p>Schutzhaube für Kastenwagen.</p>
<p>Universelle Schutzhaube für Kastenwagen mit einer Länge von 600cm und 640cm. (Model Ducato)</p>
<p>Das hochwertige 160 gr/m2 <span class="hiddenSpellError">SFS</span>-3 Material ist 3-<span class="hiddenSpellError">lagig</span>, Wasser abweisend und Atmungsaktiv.</p>
<p>Wirt komplett in einer Aufbewahrungstasche inkl. Abspannlaschen und Reparaturset geliefert. Durch  Reißverschlüss last sich die rechte Seite offenen und ermöglicht somit das Eintreten in jeden Fahrzug durch die Eingangstor.</p>
<p>Farbe: Grau</p>

<p>Schutzhaube für Kastenwagen. Universelle Schutzhaube für Kastenwagen mit einer Länge von 600cm und 640cm. (Model Ducato) Das hochwertige 160 gr/m2 SFS-3 Material ist 3-lagig, Wasser abweisend&hellip;</p>

<!-- This site is optimized with the Yoast SEO plugin v27.5 - https://yoast.com/product/yoast-seo-wordpress/ -->
<title>Schutzhülle für Kastenwagen - Eurotrail</title>
<meta name="robots" content="index, follow, max-snippet:-1, max-image-preview:large, max-video-preview:-1" />
<link rel="canonical" href="https://eurotrail.info/de/producten/schutzhuelle/caravan-beschermhoezen-de/beschermhoes-ducato/" />
<meta property="og:locale" content="de_DE" />
<meta property="og:type" content="article" />
<meta property="og:title" content="Schutzhülle für Kastenwagen - Eurotrail" />
<meta property="og:description" content="Schutzhaube für Kastenwagen. Universelle Schutzhaube für Kastenwagen mit einer Länge von 600cm und 640cm. (Model Ducato) Das hochwertige 160 gr/m2 SFS-3 Material ist 3-lagig, Wasser abweisend&hellip;" />
<meta property="og:url" content="https://eurotrail.info/de/producten/schutzhuelle/caravan-beschermhoezen-de/beschermhoes-ducato/" />
<meta property="og:site_name" content="Eurotrail" />
<meta property="article:modified_time" content="2017-01-23T14:05:58+00:00" />
<meta property="og:image" content="https://eurotrail.info/wp/wp-content/uploads/2016/04/ETCC0506-Buscover-Side-front.jpg" />
	<meta property="og:image:width" content="1772" />
	<meta property="og:image:height" content="1177" />
	<meta property="og:image:type" content="image/jpeg" />
<meta name="twitter:card" content="summary_large_image" />
<script type="application/ld+json" class="yoast-schema-graph">{"@context":"https:\/\/schema.org","@graph":[{"@type":"WebPage","@id":"https:\/\/eurotrail.info\/de\/producten\/schutzhuelle\/caravan-beschermhoezen-de\/beschermhoes-ducato\/","url":"https:\/\/eurotrail.info\/de\/producten\/schutzhuelle\/caravan-beschermhoezen-de\/beschermhoes-ducato\/","name":"Schutzhülle für Kastenwagen - Eurotrail","isPartOf":{"@id":"https:\/\/eurotrail.info\/#website"},"primaryImageOfPage":{"@id":"https:\/\/eurotrail.info\/de\/producten\/schutzhuelle\/caravan-beschermhoezen-de\/beschermhoes-ducato\/#primaryimage"},"image":{"@id":"https:\/\/eurotrail.info\/de\/producten\/schutzhuelle\/caravan-beschermhoezen-de\/beschermhoes-ducato\/#primaryimage"},"thumbnailUrl":"https:\/\/eurotrail.info\/wp\/wp-content\/uploads\/2016\/04\/ETCC0506-Buscover-Side-front.jpg","datePublished":"2016-04-07T12:34:51+00:00","dateModified":"2017-01-23T14:05:58+00:00","breadcrumb":{"@id":"https:\/\/eurotrail.info\/de\/producten\/schutzhuelle\/caravan-beschermhoezen-de\/beschermhoes-ducato\/#breadcrumb"},"inLanguage":"de","potentialAction":[{"@type":"ReadAction","target":["https:\/\/eurotrail.info\/de\/producten\/schutzhuelle\/caravan-beschermhoezen-de\/beschermhoes-ducato\/"]}]},{"@type":"ImageObject","inLanguage":"de","@id":"https:\/\/eurotrail.info\/de\/producten\/schutzhuelle\/caravan-beschermhoezen-de\/beschermhoes-ducato\/#primaryimage","url":"https:\/\/eurotrail.info\/wp\/wp-content\/uploads\/2016\/04\/ETCC0506-Buscover-Side-front.jpg","contentUrl":"https:\/\/eurotrail.info\/wp\/wp-content\/uploads\/2016\/04\/ETCC0506-Buscover-Side-front.jpg","width":1772,"height":1177,"caption":"Schutzhaube für Kastenwagen."},{"@type":"BreadcrumbList","@id":"https:\/\/eurotrail.info\/de\/producten\/schutzhuelle\/caravan-beschermhoezen-de\/beschermhoes-ducato\/#breadcrumb","itemListElement":[{"@type":"ListItem","position":1,"name":"Home","item":"https:\/\/eurotrail.info\/de\/"},{"@type":"ListItem","position":2,"name":"Produkte","item":"https:\/\/eurotrail.info\/de\/produkte\/"},{"@type":"ListItem","position":3,"name":"Schutzhülle für Kastenwagen"}]},{"@type":"WebSite","@id":"https:\/\/eurotrail.info\/#website","url":"https:\/\/eurotrail.info\/","name":"Eurotrail","description":"","publisher":{"@id":"https:\/\/eurotrail.info\/#organization"},"potentialAction":[{"@type":"SearchAction","target":{"@type":"EntryPoint","urlTemplate":"https:\/\/eurotrail.info\/?s={search_term_string}"},"query-input":{"@type":"PropertyValueSpecification","valueRequired":true,"valueName":"search_term_string"}}],"inLanguage":"de"},{"@type":"Organization","@id":"https:\/\/eurotrail.info\/#organization","name":"Eurotrail","url":"https:\/\/eurotrail.info\/","logo":{"@type":"ImageObject","inLanguage":"de","@id":"https:\/\/eurotrail.info\/#\/schema\/logo\/image\/","url":"https:\/\/eurotrail.info\/wp\/wp-content\/uploads\/2023\/07\/ET-logo-quote_NL-scaled.jpg","contentUrl":"https:\/\/eurotrail.info\/wp\/wp-content\/uploads\/2023\/07\/ET-logo-quote_NL-scaled.jpg","width":2560,"height":675,"caption":"Eurotrail"},"image":{"@id":"https:\/\/eurotrail.info\/#\/schema\/logo\/image\/"}}]}</script>
<!-- / Yoast SEO plugin. -->

Schutzhülle für Kastenwagen - Eurotrail

Schutzhaube für Kastenwagen. Universelle Schutzhaube für Kastenwagen mit einer Länge von 600cm und 640cm. (Model Ducato) Das hochwertige 160 gr/m2 SFS-3 Material ist 3-lagig, Wasser abweisend&hellip;

Schutzhaube für Kastenwagen.
