{"id":20851,"date":"2016-01-20T16:49:37","date_gmt":"2022-11-23T13:01:04","guid":{"rendered":"https:\/\/eurotrail.info\/?post_type=product&#038;p=20851"},"modified":"2022-11-23T14:01:05","modified_gmt":"2022-11-23T13:01:05","slug":"xavier-silla-nino","status":"publish","type":"product","link":"https:\/\/eurotrail.info\/es\/producten\/muebles-para-acampar\/sillas-altas\/xavier-silla-nino\/","title":{"rendered":"Xavier silla ni\u00f1o"},"content":{"rendered":"<p>C\u00f3moda silla cub para ni\u00f1os en vivos colores.<\/p>\n<p>Los lados altos y la parte posterior brindan mucho apoyo y comodidad. La silla es f\u00e1cil de plegar y viene con una bolsa de transporte. \u00a1Ideal para llevar de camping o para usar en el jard\u00edn!<\/p>\n<p>Disponible en colores: naranja, azul, verde lima, rosa<\/p>\n<p>Tama\u00f1o: 30x28x30 \/ 61cm<br \/>\nCuando est\u00e1 plegado: 61x\u00d813cm<br \/>\nTela: 100% poli\u00e9ster<br \/>\nMarco: Acero<br \/>\nCarga m\u00e1xima: 60 kg.<br \/>\nPeso: 1,95 kg.<\/p>\n","protected":false},"excerpt":{"rendered":"<p>C\u00f3moda silla cub para ni\u00f1os en vivos colores. Los lados altos y la parte posterior brindan mucho apoyo y comodidad. La silla es f\u00e1cil de&hellip;<\/p>\n","protected":false},"featured_media":19552,"comment_status":"open","ping_status":"closed","template":"","meta":{"_acf_changed":false},"product_brand":[],"product_cat":[354],"product_tag":[],"class_list":{"0":"post-20851","1":"product","2":"type-product","3":"status-publish","4":"has-post-thumbnail","6":"product_cat-sillas-altas","8":"first","9":"instock","10":"shipping-taxable","11":"product-type-simple"},"acf":[],"yoast_head":"<!-- This site is optimized with the Yoast SEO plugin v27.4 - https:\/\/yoast.com\/product\/yoast-seo-wordpress\/ -->\n<title>Xavier silla ni\u00f1o - Eurotrail | The way we camp!<\/title>\n<meta name=\"description\" content=\"C\u00f3moda silla cub para ni\u00f1os en vivos colores.Los lados altos y la parte posterior brindan mucho apoyo y comodidad. La silla es f\u00e1cil de plegar.\" \/>\n<meta name=\"robots\" content=\"index, follow, max-snippet:-1, max-image-preview:large, max-video-preview:-1\" \/>\n<link rel=\"canonical\" href=\"https:\/\/eurotrail.info\/producten\/kampeermeubelen-campingmeubelen\/kinderstoelen\/xavier\/\" \/>\n<meta property=\"og:locale\" content=\"es_ES\" \/>\n<meta property=\"og:type\" content=\"article\" \/>\n<meta property=\"og:title\" content=\"Xavier silla ni\u00f1o - Eurotrail | The way we camp!\" \/>\n<meta property=\"og:description\" content=\"C\u00f3moda silla cub para ni\u00f1os en vivos colores.Los lados altos y la parte posterior brindan mucho apoyo y comodidad. La silla es f\u00e1cil de plegar.\" \/>\n<meta property=\"og:url\" content=\"https:\/\/eurotrail.info\/producten\/kampeermeubelen-campingmeubelen\/kinderstoelen\/xavier\/\" \/>\n<meta property=\"og:site_name\" content=\"Eurotrail | The way we camp!\" \/>\n<meta property=\"article:modified_time\" content=\"2022-11-23T13:01:05+00:00\" \/>\n<meta property=\"og:image\" content=\"https:\/\/eurotrail.info\/wp\/wp-content\/uploads\/2016\/01\/ETCF0045-Xavier-Pink-19-S.jpg\" \/>\n\t<meta property=\"og:image:width\" content=\"1244\" \/>\n\t<meta property=\"og:image:height\" content=\"1772\" \/>\n\t<meta property=\"og:image:type\" content=\"image\/jpeg\" \/>\n<meta name=\"twitter:card\" content=\"summary_large_image\" \/>\n<meta name=\"twitter:label1\" content=\"Tiempo de lectura\" \/>\n\t<meta name=\"twitter:data1\" content=\"1 minute\" \/>\n<script type=\"application\/ld+json\" class=\"yoast-schema-graph\">{\"@context\":\"https:\\\/\\\/schema.org\",\"@graph\":[{\"@type\":\"WebPage\",\"@id\":\"https:\\\/\\\/eurotrail.info\\\/producten\\\/kampeermeubelen-campingmeubelen\\\/kinderstoelen\\\/xavier\\\/\",\"url\":\"https:\\\/\\\/eurotrail.info\\\/producten\\\/kampeermeubelen-campingmeubelen\\\/kinderstoelen\\\/xavier\\\/\",\"name\":\"Xavier silla ni\u00f1o - Eurotrail | The way we camp!\",\"isPartOf\":{\"@id\":\"https:\\\/\\\/eurotrail.info\\\/#website\"},\"primaryImageOfPage\":{\"@id\":\"https:\\\/\\\/eurotrail.info\\\/producten\\\/kampeermeubelen-campingmeubelen\\\/kinderstoelen\\\/xavier\\\/#primaryimage\"},\"image\":{\"@id\":\"https:\\\/\\\/eurotrail.info\\\/producten\\\/kampeermeubelen-campingmeubelen\\\/kinderstoelen\\\/xavier\\\/#primaryimage\"},\"thumbnailUrl\":\"https:\\\/\\\/eurotrail.info\\\/wp\\\/wp-content\\\/uploads\\\/2016\\\/01\\\/ETCF0045-Xavier-Pink-19-S.jpg\",\"datePublished\":\"2022-11-23T13:01:04+00:00\",\"dateModified\":\"2022-11-23T13:01:05+00:00\",\"description\":\"C\u00f3moda silla cub para ni\u00f1os en vivos colores.Los lados altos y la parte posterior brindan mucho apoyo y comodidad. La silla es f\u00e1cil de plegar.\",\"breadcrumb\":{\"@id\":\"https:\\\/\\\/eurotrail.info\\\/producten\\\/kampeermeubelen-campingmeubelen\\\/kinderstoelen\\\/xavier\\\/#breadcrumb\"},\"inLanguage\":\"es-ES\",\"potentialAction\":[{\"@type\":\"ReadAction\",\"target\":[\"https:\\\/\\\/eurotrail.info\\\/producten\\\/kampeermeubelen-campingmeubelen\\\/kinderstoelen\\\/xavier\\\/\"]}]},{\"@type\":\"ImageObject\",\"inLanguage\":\"es-ES\",\"@id\":\"https:\\\/\\\/eurotrail.info\\\/producten\\\/kampeermeubelen-campingmeubelen\\\/kinderstoelen\\\/xavier\\\/#primaryimage\",\"url\":\"https:\\\/\\\/eurotrail.info\\\/wp\\\/wp-content\\\/uploads\\\/2016\\\/01\\\/ETCF0045-Xavier-Pink-19-S.jpg\",\"contentUrl\":\"https:\\\/\\\/eurotrail.info\\\/wp\\\/wp-content\\\/uploads\\\/2016\\\/01\\\/ETCF0045-Xavier-Pink-19-S.jpg\",\"width\":1244,\"height\":1772,\"caption\":\"De hoge zijkanten en achterkant zorgen voor veel steun en zitcomfort.\"},{\"@type\":\"BreadcrumbList\",\"@id\":\"https:\\\/\\\/eurotrail.info\\\/producten\\\/kampeermeubelen-campingmeubelen\\\/kinderstoelen\\\/xavier\\\/#breadcrumb\",\"itemListElement\":[{\"@type\":\"ListItem\",\"position\":1,\"name\":\"Home\",\"item\":\"https:\\\/\\\/eurotrail.info\\\/es\\\/\"},{\"@type\":\"ListItem\",\"position\":2,\"name\":\"Productos\",\"item\":\"https:\\\/\\\/eurotrail.info\\\/es\\\/productos\\\/\"},{\"@type\":\"ListItem\",\"position\":3,\"name\":\"Xavier silla ni\u00f1o\"}]},{\"@type\":\"WebSite\",\"@id\":\"https:\\\/\\\/eurotrail.info\\\/#website\",\"url\":\"https:\\\/\\\/eurotrail.info\\\/\",\"name\":\"Eurotrail | The way we camp!\",\"description\":\"\",\"publisher\":{\"@id\":\"https:\\\/\\\/eurotrail.info\\\/#organization\"},\"potentialAction\":[{\"@type\":\"SearchAction\",\"target\":{\"@type\":\"EntryPoint\",\"urlTemplate\":\"https:\\\/\\\/eurotrail.info\\\/?s={search_term_string}\"},\"query-input\":{\"@type\":\"PropertyValueSpecification\",\"valueRequired\":true,\"valueName\":\"search_term_string\"}}],\"inLanguage\":\"es-ES\"},{\"@type\":\"Organization\",\"@id\":\"https:\\\/\\\/eurotrail.info\\\/#organization\",\"name\":\"Eurotrail | The way we camp!\",\"url\":\"https:\\\/\\\/eurotrail.info\\\/\",\"logo\":{\"@type\":\"ImageObject\",\"inLanguage\":\"es-ES\",\"@id\":\"https:\\\/\\\/eurotrail.info\\\/#\\\/schema\\\/logo\\\/image\\\/\",\"url\":\"https:\\\/\\\/eurotrail.info\\\/wp\\\/wp-content\\\/uploads\\\/2023\\\/07\\\/ET-logo-quote_NL-scaled.jpg\",\"contentUrl\":\"https:\\\/\\\/eurotrail.info\\\/wp\\\/wp-content\\\/uploads\\\/2023\\\/07\\\/ET-logo-quote_NL-scaled.jpg\",\"width\":2560,\"height\":675,\"caption\":\"Eurotrail | The way we camp!\"},\"image\":{\"@id\":\"https:\\\/\\\/eurotrail.info\\\/#\\\/schema\\\/logo\\\/image\\\/\"}}]}<\/script>\n<!-- \/ Yoast SEO plugin. -->","yoast_head_json":{"title":"Xavier silla ni\u00f1o - Eurotrail | The way we camp!","description":"C\u00f3moda silla cub para ni\u00f1os en vivos colores.Los lados altos y la parte posterior brindan mucho apoyo y comodidad. La silla es f\u00e1cil de plegar.","robots":{"index":"index","follow":"follow","max-snippet":"max-snippet:-1","max-image-preview":"max-image-preview:large","max-video-preview":"max-video-preview:-1"},"canonical":"https:\/\/eurotrail.info\/producten\/kampeermeubelen-campingmeubelen\/kinderstoelen\/xavier\/","og_locale":"es_ES","og_type":"article","og_title":"Xavier silla ni\u00f1o - Eurotrail | The way we camp!","og_description":"C\u00f3moda silla cub para ni\u00f1os en vivos colores.Los lados altos y la parte posterior brindan mucho apoyo y comodidad. La silla es f\u00e1cil de plegar.","og_url":"https:\/\/eurotrail.info\/producten\/kampeermeubelen-campingmeubelen\/kinderstoelen\/xavier\/","og_site_name":"Eurotrail | The way we camp!","article_modified_time":"2022-11-23T13:01:05+00:00","og_image":[{"width":1244,"height":1772,"url":"https:\/\/eurotrail.info\/wp\/wp-content\/uploads\/2016\/01\/ETCF0045-Xavier-Pink-19-S.jpg","type":"image\/jpeg"}],"twitter_card":"summary_large_image","twitter_misc":{"Tiempo de lectura":"1 minute"},"schema":{"@context":"https:\/\/schema.org","@graph":[{"@type":"WebPage","@id":"https:\/\/eurotrail.info\/producten\/kampeermeubelen-campingmeubelen\/kinderstoelen\/xavier\/","url":"https:\/\/eurotrail.info\/producten\/kampeermeubelen-campingmeubelen\/kinderstoelen\/xavier\/","name":"Xavier silla ni\u00f1o - Eurotrail | The way we camp!","isPartOf":{"@id":"https:\/\/eurotrail.info\/#website"},"primaryImageOfPage":{"@id":"https:\/\/eurotrail.info\/producten\/kampeermeubelen-campingmeubelen\/kinderstoelen\/xavier\/#primaryimage"},"image":{"@id":"https:\/\/eurotrail.info\/producten\/kampeermeubelen-campingmeubelen\/kinderstoelen\/xavier\/#primaryimage"},"thumbnailUrl":"https:\/\/eurotrail.info\/wp\/wp-content\/uploads\/2016\/01\/ETCF0045-Xavier-Pink-19-S.jpg","datePublished":"2022-11-23T13:01:04+00:00","dateModified":"2022-11-23T13:01:05+00:00","description":"C\u00f3moda silla cub para ni\u00f1os en vivos colores.Los lados altos y la parte posterior brindan mucho apoyo y comodidad. La silla es f\u00e1cil de plegar.","breadcrumb":{"@id":"https:\/\/eurotrail.info\/producten\/kampeermeubelen-campingmeubelen\/kinderstoelen\/xavier\/#breadcrumb"},"inLanguage":"es-ES","potentialAction":[{"@type":"ReadAction","target":["https:\/\/eurotrail.info\/producten\/kampeermeubelen-campingmeubelen\/kinderstoelen\/xavier\/"]}]},{"@type":"ImageObject","inLanguage":"es-ES","@id":"https:\/\/eurotrail.info\/producten\/kampeermeubelen-campingmeubelen\/kinderstoelen\/xavier\/#primaryimage","url":"https:\/\/eurotrail.info\/wp\/wp-content\/uploads\/2016\/01\/ETCF0045-Xavier-Pink-19-S.jpg","contentUrl":"https:\/\/eurotrail.info\/wp\/wp-content\/uploads\/2016\/01\/ETCF0045-Xavier-Pink-19-S.jpg","width":1244,"height":1772,"caption":"De hoge zijkanten en achterkant zorgen voor veel steun en zitcomfort."},{"@type":"BreadcrumbList","@id":"https:\/\/eurotrail.info\/producten\/kampeermeubelen-campingmeubelen\/kinderstoelen\/xavier\/#breadcrumb","itemListElement":[{"@type":"ListItem","position":1,"name":"Home","item":"https:\/\/eurotrail.info\/es\/"},{"@type":"ListItem","position":2,"name":"Productos","item":"https:\/\/eurotrail.info\/es\/productos\/"},{"@type":"ListItem","position":3,"name":"Xavier silla ni\u00f1o"}]},{"@type":"WebSite","@id":"https:\/\/eurotrail.info\/#website","url":"https:\/\/eurotrail.info\/","name":"Eurotrail | The way we camp!","description":"","publisher":{"@id":"https:\/\/eurotrail.info\/#organization"},"potentialAction":[{"@type":"SearchAction","target":{"@type":"EntryPoint","urlTemplate":"https:\/\/eurotrail.info\/?s={search_term_string}"},"query-input":{"@type":"PropertyValueSpecification","valueRequired":true,"valueName":"search_term_string"}}],"inLanguage":"es-ES"},{"@type":"Organization","@id":"https:\/\/eurotrail.info\/#organization","name":"Eurotrail | The way we camp!","url":"https:\/\/eurotrail.info\/","logo":{"@type":"ImageObject","inLanguage":"es-ES","@id":"https:\/\/eurotrail.info\/#\/schema\/logo\/image\/","url":"https:\/\/eurotrail.info\/wp\/wp-content\/uploads\/2023\/07\/ET-logo-quote_NL-scaled.jpg","contentUrl":"https:\/\/eurotrail.info\/wp\/wp-content\/uploads\/2023\/07\/ET-logo-quote_NL-scaled.jpg","width":2560,"height":675,"caption":"Eurotrail | The way we camp!"},"image":{"@id":"https:\/\/eurotrail.info\/#\/schema\/logo\/image\/"}}]}},"_links":{"self":[{"href":"https:\/\/eurotrail.info\/es\/wp-json\/wp\/v2\/product\/20851","targetHints":{"allow":["GET"]}}],"collection":[{"href":"https:\/\/eurotrail.info\/es\/wp-json\/wp\/v2\/product"}],"about":[{"href":"https:\/\/eurotrail.info\/es\/wp-json\/wp\/v2\/types\/product"}],"replies":[{"embeddable":true,"href":"https:\/\/eurotrail.info\/es\/wp-json\/wp\/v2\/comments?post=20851"}],"wp:featuredmedia":[{"embeddable":true,"href":"https:\/\/eurotrail.info\/es\/wp-json\/wp\/v2\/media\/19552"}],"wp:attachment":[{"href":"https:\/\/eurotrail.info\/es\/wp-json\/wp\/v2\/media?parent=20851"}],"wp:term":[{"taxonomy":"product_brand","embeddable":true,"href":"https:\/\/eurotrail.info\/es\/wp-json\/wp\/v2\/product_brand?post=20851"},{"taxonomy":"product_cat","embeddable":true,"href":"https:\/\/eurotrail.info\/es\/wp-json\/wp\/v2\/product_cat?post=20851"},{"taxonomy":"product_tag","embeddable":true,"href":"https:\/\/eurotrail.info\/es\/wp-json\/wp\/v2\/product_tag?post=20851"}],"curies":[{"name":"wp","href":"https:\/\/api.w.org\/{rel}","templated":true}]}}

Xavier silla niño

<p>Cómoda silla cub para niños en vivos colores.</p>
<p>Los lados altos y la parte posterior brindan mucho apoyo y comodidad. La silla es fácil de plegar y viene con una bolsa de transporte. ¡Ideal para llevar de camping o para usar en el jardín!</p>
<p>Disponible en colores: naranja, azul, verde lima, rosa</p>
<p>Tamaño: 30x28x30 / 61cm<br />
Cuando está plegado: 61xØ13cm<br />
Tela: 100% poliéster<br />
Marco: Acero<br />
Carga máxima: 60 kg.<br />
Peso: 1,95 kg.</p>

<p>Cómoda silla cub para niños en vivos colores. Los lados altos y la parte posterior brindan mucho apoyo y comodidad. La silla es fácil de&hellip;</p>

<!-- This site is optimized with the Yoast SEO plugin v27.4 - https://yoast.com/product/yoast-seo-wordpress/ -->
<title>Xavier silla niño - Eurotrail | The way we camp!</title>
<meta name="description" content="Cómoda silla cub para niños en vivos colores.Los lados altos y la parte posterior brindan mucho apoyo y comodidad. La silla es fácil de plegar." />
<meta name="robots" content="index, follow, max-snippet:-1, max-image-preview:large, max-video-preview:-1" />
<link rel="canonical" href="https://eurotrail.info/producten/kampeermeubelen-campingmeubelen/kinderstoelen/xavier/" />
<meta property="og:locale" content="es_ES" />
<meta property="og:type" content="article" />
<meta property="og:title" content="Xavier silla niño - Eurotrail | The way we camp!" />
<meta property="og:description" content="Cómoda silla cub para niños en vivos colores.Los lados altos y la parte posterior brindan mucho apoyo y comodidad. La silla es fácil de plegar." />
<meta property="og:url" content="https://eurotrail.info/producten/kampeermeubelen-campingmeubelen/kinderstoelen/xavier/" />
<meta property="og:site_name" content="Eurotrail | The way we camp!" />
<meta property="article:modified_time" content="2022-11-23T13:01:05+00:00" />
<meta property="og:image" content="https://eurotrail.info/wp/wp-content/uploads/2016/01/ETCF0045-Xavier-Pink-19-S.jpg" />
	<meta property="og:image:width" content="1244" />
	<meta property="og:image:height" content="1772" />
	<meta property="og:image:type" content="image/jpeg" />
<meta name="twitter:card" content="summary_large_image" />
<meta name="twitter:label1" content="Tiempo de lectura" />
	<meta name="twitter:data1" content="1 minute" />
<script type="application/ld+json" class="yoast-schema-graph">{"@context":"https:\/\/schema.org","@graph":[{"@type":"WebPage","@id":"https:\/\/eurotrail.info\/producten\/kampeermeubelen-campingmeubelen\/kinderstoelen\/xavier\/","url":"https:\/\/eurotrail.info\/producten\/kampeermeubelen-campingmeubelen\/kinderstoelen\/xavier\/","name":"Xavier silla niño - Eurotrail | The way we camp!","isPartOf":{"@id":"https:\/\/eurotrail.info\/#website"},"primaryImageOfPage":{"@id":"https:\/\/eurotrail.info\/producten\/kampeermeubelen-campingmeubelen\/kinderstoelen\/xavier\/#primaryimage"},"image":{"@id":"https:\/\/eurotrail.info\/producten\/kampeermeubelen-campingmeubelen\/kinderstoelen\/xavier\/#primaryimage"},"thumbnailUrl":"https:\/\/eurotrail.info\/wp\/wp-content\/uploads\/2016\/01\/ETCF0045-Xavier-Pink-19-S.jpg","datePublished":"2022-11-23T13:01:04+00:00","dateModified":"2022-11-23T13:01:05+00:00","description":"Cómoda silla cub para niños en vivos colores.Los lados altos y la parte posterior brindan mucho apoyo y comodidad. La silla es fácil de plegar.","breadcrumb":{"@id":"https:\/\/eurotrail.info\/producten\/kampeermeubelen-campingmeubelen\/kinderstoelen\/xavier\/#breadcrumb"},"inLanguage":"es-ES","potentialAction":[{"@type":"ReadAction","target":["https:\/\/eurotrail.info\/producten\/kampeermeubelen-campingmeubelen\/kinderstoelen\/xavier\/"]}]},{"@type":"ImageObject","inLanguage":"es-ES","@id":"https:\/\/eurotrail.info\/producten\/kampeermeubelen-campingmeubelen\/kinderstoelen\/xavier\/#primaryimage","url":"https:\/\/eurotrail.info\/wp\/wp-content\/uploads\/2016\/01\/ETCF0045-Xavier-Pink-19-S.jpg","contentUrl":"https:\/\/eurotrail.info\/wp\/wp-content\/uploads\/2016\/01\/ETCF0045-Xavier-Pink-19-S.jpg","width":1244,"height":1772,"caption":"De hoge zijkanten en achterkant zorgen voor veel steun en zitcomfort."},{"@type":"BreadcrumbList","@id":"https:\/\/eurotrail.info\/producten\/kampeermeubelen-campingmeubelen\/kinderstoelen\/xavier\/#breadcrumb","itemListElement":[{"@type":"ListItem","position":1,"name":"Home","item":"https:\/\/eurotrail.info\/es\/"},{"@type":"ListItem","position":2,"name":"Productos","item":"https:\/\/eurotrail.info\/es\/productos\/"},{"@type":"ListItem","position":3,"name":"Xavier silla niño"}]},{"@type":"WebSite","@id":"https:\/\/eurotrail.info\/#website","url":"https:\/\/eurotrail.info\/","name":"Eurotrail | The way we camp!","description":"","publisher":{"@id":"https:\/\/eurotrail.info\/#organization"},"potentialAction":[{"@type":"SearchAction","target":{"@type":"EntryPoint","urlTemplate":"https:\/\/eurotrail.info\/?s={search_term_string}"},"query-input":{"@type":"PropertyValueSpecification","valueRequired":true,"valueName":"search_term_string"}}],"inLanguage":"es-ES"},{"@type":"Organization","@id":"https:\/\/eurotrail.info\/#organization","name":"Eurotrail | The way we camp!","url":"https:\/\/eurotrail.info\/","logo":{"@type":"ImageObject","inLanguage":"es-ES","@id":"https:\/\/eurotrail.info\/#\/schema\/logo\/image\/","url":"https:\/\/eurotrail.info\/wp\/wp-content\/uploads\/2023\/07\/ET-logo-quote_NL-scaled.jpg","contentUrl":"https:\/\/eurotrail.info\/wp\/wp-content\/uploads\/2023\/07\/ET-logo-quote_NL-scaled.jpg","width":2560,"height":675,"caption":"Eurotrail | The way we camp!"},"image":{"@id":"https:\/\/eurotrail.info\/#\/schema\/logo\/image\/"}}]}</script>
<!-- / Yoast SEO plugin. -->

Xavier silla niño - Eurotrail | The way we camp!

Cómoda silla cub para niños en vivos colores.Los lados altos y la parte posterior brindan mucho apoyo y comodidad. La silla es fácil de plegar.
